pose -94 = -2*b - x. Calculate the highest common factor of 155 and b.
31
Suppose -3*a - 3 = -12. Suppose a*d - 172 = -10. Calculate the highest common factor of d and 18.
18
Suppose -4*h = -3*h - 160. Suppose 3*g = 3*c - 60, c + 4*g + 29 = 49. Calculate the greatest common factor of h and c.
20
Let c(d) = 60*d. Let o be c(1). Let j = 7789 - 7699. What is the highest common factor of o and j?
30
Suppose -y - 154 = -2*c, -380 = 24*c - 29*c + 5*y. Calculate the highest common divisor of 30 and c.
6
Let s = 32 - 29. Suppose 3*r = -5*n + 60, r + 95 = 5*n - s*r. Let m = 293 - 158. What is the greatest common divisor of m and n?
15
Let y(z) = -14*z + 654. Let u be y(45). Calculate the highest common divisor of 92 and u.
4
Let s be 0/((-1)/(0 + 1)). Suppose -3*j + 11 - 35 = s. Let f be ((-9)/12)/(2/j). What is the greatest common factor of f and 3?
3
Suppose -19*f = -20*f + 10. What is the highest common factor of 790 and f?
10
Suppose -932 = -11*s + 993. Calculate the greatest common divisor of 25 and s.
25
Suppose f - 38*z - 127 = -40*z, 5*f - 679 = z. What is the greatest common factor of 3105 and f?
135
Suppose 3*k = -53 + 158. Suppose -38*h = -37*h - k. Calculate the greatest common divisor of h and 175.
35
Suppose -4*r = 5*z - 4, z = -4*r - 12 - 0. Let y(d) = d**2 - 4*d + 2. Let t be y(z). Suppose -t*b + 72 = b. What is the greatest common factor of 16 and b?
8
Let w be -1 - (-10)/8 - 68/16. Let j be (-2)/2*w + 161. What is the highest common divisor of j and 66?
33
Let w be 6/(84/77)*2. What is the highest common factor of w and 176?
11
Let b = -20 + 24. Suppose b = s + s, 0 = -2*x + 5*s + 14. Calculate the highest common divisor of 24 and x.
12
Let n = 17 - -24. Let p = n - 25. Calculate the highest common factor of p and 144.
16
Suppose -3*u + 5*k - 4*k = -792, -u = -4*k - 253. Let c = -157 + u. Suppose 3*j - 6 = 30. Calculate the greatest common factor of j and c.
12
Let m(f) = 10*f**2 + 4*f + 4. Let y be m(-1). Let b(r) = r - 3. Let j be b(8). Calculate the highest common divisor of j and y.
5
Let a = 29 - 21. Suppose 3*k = -m - 2*k + 114, 0 = 4*k + 16. Suppose -694 = -10*t - m. Calculate the greatest common factor of a and t.
8
Let z(n) = 149*n**3 + 2*n**2 + 2*n - 3. Let c be z(1). What is the greatest common factor of c and 15?
15
Let h be ((-10)/15 - (-1)/(-3))*-13. Let p(q) = -q**2 + 21*q - 28. Let m be p(h). What is the greatest common factor of m and 19?
19
Suppose 24*t - 8*t - 448 = 0. What is the greatest common divisor of 42 and t?
14
Suppose -6*h + 11*h - 280 = 0. Let b = -17 + 31. What is the highest common divisor of b and h?
14
Suppose y - 4*b - 22 = 0, 10*y - 5*y - 154 = -2*b. Calculate the greatest common factor of y and 6.
6
Suppose -2*f - 74 = -4*x, 1 - 17 = -x + 3*f. Calculate the highest common divisor of 1691 and x.
19
Let x be (-16)/64 - (-615)/12. Calculate the greatest common divisor of x and 85.
17
Suppose -12376 = -28*m - 24*m. What is the greatest common divisor of 272 and m?
34
Let s(n) = -n**3 + 23*n**2 + 50*n + 5. Let h be s(25). Calculate the highest common factor of h and 16.
1
Let p be 404/34 + (-4 - 350/(-85)). Let b be 60/8*80/p. Calculate the greatest common factor of b and 20.
10
Suppose 0 = -5*q + 5*t + 195, 4*t = -4 - 16. What is the greatest common factor of q and 17?
17
Let p be (0/(-1) - -1)/((-5)/45). Let o = p - -10. Calculate the highest common factor of 8 and o.
1
Suppose 20 = -4*l, 0 = -j - 2*l - 705 - 198. Let y = -618 - j. What is the greatest common factor of 25 and y?
25
Let w be (6/(-7))/((-8)/56). Suppose -4*g + w*f = 3*f - 78, 62 = 3*g - 4*f. Calculate the highest common divisor of 45 and g.
9
Let z be -5 - -4 - (5 - 2). Let w be (-52)/(-12) + z/(-6). What is the greatest common factor of 10 and w?
5
Let u be -2*(9/(-12))/((-3)/(-82)). Suppose 0 = 4*i - u - 43. Calculate the greatest common factor of i and 231.
21
Let d(s) = 6*s**3 - 25*s**2 + 10*s - 3. Let l be d(4). Calculate the greatest common factor of 77 and l.
7
Let l = 189 - 102. Let v = 98 + -40. Let b be 35/7*v/5. Calculate the highest common divisor of l and b.
29
Let n be (451/(-3) - 24/(-72))/(-2). Let r be 40/7 - (-4)/14. Let k(w) = 4*w - 9. Let l be k(r). What is the highest common factor of n and l?
15
Let n be (-10 + 64)*28/21. Calculate the greatest common divisor of 324 and n.
36
Suppose 78480 = 37*b + 11*b. What is the greatest common factor of b and 15?
15
Let l = 279 - 267. Calculate the highest common factor of l and 32.
4
Suppose 22*c + 12*c = 68. Calculate the highest common factor of c and 82.
2
Let g(z) = z**3 + 14*z**2 + 18*z + 16. Let a be g(-12). Let y = a + -56. Calculate the highest common divisor of y and 8.
8
Let w = 1495 - 1421. What is the highest common divisor of w and 1850?
74
Let k(u) = u**3 + 22*u**2. Let z be k(-22). Suppose z = -s + 26 + 26. What is the greatest common factor of 13 and s?
13
Suppose 5*l - 2*g = 126, g + 117 = -5*l + 234. Let n = -56 - -96. What is the greatest common factor of l and n?
8
Let t(a) = 239*a - 5. Suppose 2*v - 5*f - 14 = -f, -3*v + 15 = -4*f. Let g be t(v). What is the highest common factor of 26 and g?
26
Let n(r) = -r**2 + 32*r - 72. Let y be n(29). Calculate the highest common divisor of y and 6.
3
Let t be (-12)/(-8)*(-18)/(-2)*8. Let a be 4/(38/36 + -1). What is the highest common divisor of t and a?
36
Let b = 20 - -12. Suppose -69 + 15 = -6*u + 42. What is the greatest common divisor of u and b?
16
Let n be 18/4*((1 - -4) + -3). Suppose n*t - 16*t + 595 = 0. Let l = 5 + 29. Calculate the highest common divisor of t and l.
17
Suppose 4*l + 3*u = -0*u - 28, -5*u = -2*l + 12. Let g be (-367)/l - (-3)/(-4). What is the highest common factor of g and 7?
7
Let o be 0 + (-830)/(-60) - (-2)/12. What is the highest common divisor of o and 56?
14
Suppose 4*q - 788 = 5*p, -3*q + 4*p + 304 = -288. Let m be ((-5)/(-2))/(25/60). Calculate the highest common factor of q and m.
6
Let k = -16 + 15. Let m(s) = s**3 - 2*s**2 - 3*s + 3. Let z be m(2). Let d be ((-168)/z)/((-1)/k). Calculate the greatest common factor of d and 7.
7
Let p be (-2 - -1)/(-2 - (-122)/62). Suppose 3*h = 85 - p. Calculate the highest common divisor of h and 12.
6
Let b be 56 + 0/(4 + 1). Let k(i) = 8 + 3*i**3 - 2*i - 13*i**2 - i**3 + 5*i**2. Let s be k(6). What is the highest common divisor of b and s?
28
Let t(m) = -m + 28. Let d be t(-10). Let n(w) = 14*w - 15. Let g be n(11). Let b = g + -82. Calculate the highest common factor of b and d.
19
Let j(p) = -18*p + 295. Let a be j(-20). Calculate the highest common factor of a and 917.
131
Suppose -399 = -9*z + 2*z. Suppose -15 = 2*w - z. Suppose 4*h + c = -4*c + 15, 5*h - w = -4*c. What is the greatest common factor of 20 and h?
5
Let a = 481 - -325. Calculate the greatest common divisor of a and 186.
62
Let v be ((-55)/22)/((-2)/44). Calculate the greatest common factor of 121 and v.
11
Suppose -24 = 5*r - 4*q + 1, 0 = 5*q - 25. Let l(b) = -20*b**3 - 2*b**2 + 1. Let h be l(r). Let s = h - 13. What is the highest common factor of 66 and s?
6
Let v(z) = 2*z**2 + 3*z - 5. Let r be v(-4). Let k = -4006 + 4009. What is the greatest common divisor of r and k?
3
Let q(i) = -34*i + 83. Let u be q(2). What is the greatest common factor of u and 735?
15
Suppose -4*z + 1379 = -5*g, 5*z + 5*g - 251 = 1529. What is the highest common factor of 27 and z?
27
Let t(z) = -z**3 - 29*z**2 - 33*z - 41. Let j be t(-28). Calculate the highest common divisor of j and 99.
99
Let n = -18 + 29. Let w = 13 - n. Let g(q) = -2*q + 4. Let m be g(-3). Calculate the greatest common divisor of m and w.
2
Let r(t) = t**3 - 5*t**2 - 2*t + 36. Let z be r(6). What is the greatest common factor of z and 30?
30
Let j(w) = -72*w**3 - 18*w + 26*w**3 + 19*w**3 - 7*w**2 + 26*w**3 - 5. Let h be j(-5). What is the greatest common divisor of h and 10?
5
Suppose 10*f - 6*f - 96 = 0. Suppose 236*x - 192 = 232*x. Calculate the highest common factor of f and x.
24
Let i be 570/9*(-6)/(-5). Calculate the greatest common factor of i and 228.
76
Suppose -j + 2*j - 4 = 0. Suppose j*u = -5*a + 1366 - 198, a = -3*u + 238. Calculate the highest common factor of a and 29.
29
Suppose 1917 = 6*y + 1851. Calculate the greatest common divisor of y and 1507.
11
Let d = 1997 - 1961. Calculate the greatest com